11
What are the prime factors of 50665390?
2, 5, 5066539
List the prime factors of 60099088.
2, 7, 47, 233
List the prime factors of 539476221.
3, 179825407
What are the prime factors of 2224061900?
2, 5, 3319, 6701
List the prime factors of 375304079.
9439, 39761
What are the prime factors of 85790095?
5, 61, 281279
What are the prime factors of 1298980730?
2, 5, 2657, 48889
List the prime factors of 641021450.
2, 5, 83, 1861
List the prime factors of 92508902.
2, 709, 65239
List the prime factors of 8099040.
2, 3, 5, 47, 359
What are the prime factors of 771151778?
2, 385575889
What are the prime factors of 2489652?
2, 3, 11, 6287
List the prime factors of 1797545123.
11, 257, 635849
What are the prime factors of 1663090015?
5, 31, 73, 103, 1427
What are the prime factors of 731780524?
2, 37, 4944463
List the prime factors of 35338614.
2, 3, 17, 67, 5171
What are the prime factors of 806262570?
2, 3, 5, 17, 31, 89, 191
List the prime factors of 453431171.
109, 1999, 2081
What are the prime factors of 91567987?
7, 179, 73079
What are the prime factors of 39923857?
39923857
What are the prime factors of 258256937?
131, 1971427
List the prime factors of 530835518.
2, 263, 1009193
What are the prime factors of 1764616080?
2, 3, 5, 7352567
List the prime factors of 380640241.
83, 139, 32993
What are the prime factors of 1221809724?
2, 3, 659, 17167
What are the prime factors of 5772245?
5, 1154449
List the prime factors of 2950109.
101, 29209
What are the prime factors of 314662427?
373, 523, 1613
What are the prime factors of 191830829?
37, 47, 110311
What are the prime factors of 1392650705?
5, 278530141
What are the prime factors of 1881932329?
1881932329
What are the prime factors of 50698467?
3, 29, 113, 191
List the prime factors of 378226015.
5, 163, 464081
List the prime factors of 16859396.
2, 241, 17489
What are the prime factors of 5609471542?
2, 617, 1979, 2297
What are the prime factors of 797245072?
2, 13, 439, 8731
List the prime factors of 1078143041.
1078143041
What are the prime factors of 3486918628?
2, 37, 233, 101117
List the prime factors of 203797810.
2, 5, 20379781
What are the prime factors of 20102062?
2, 61, 164771
What are the prime factors of 5451657743?
7, 149, 5226901
List the prime factors of 232984516.
2, 58246129
List the prime factors of 39786941.
23, 53, 127, 257
What are the prime factors of 49750926?
2, 3, 1423, 5827
List the prime factors of 74724258.
2, 3, 7, 1779149
What are the prime factors of 1850792906?
2, 925396453
What are the prime factors of 72419383?
61, 167, 7109
What are the prime factors of 53069223?
3, 17, 19, 54767
List the prime factors of 301667616.
2, 3, 733, 1429
What are the prime factors of 1752575718?
2, 3, 89, 263, 12479
List the prime factors of 4089481213.
23, 101, 1760431
What are the prime factors of 31531191?
3, 79, 233, 571
List the prime factors of 173960966.
2, 17, 29, 176431
What are the prime factors of 29329249?
29329249
What are the prime factors of 133913053?
283, 473191
List the prime factors of 1500508010.
2, 5, 10771, 13931
What are the prime factors of 179750031?
3, 59916677
What are the prime factors of 2524980003?
3, 7, 13, 479, 19309
List the prime factors of 20436022.
2, 857, 11923
List the prime factors of 1189202418.
2, 3, 3769, 5843
List the prime factors of 132617000.
2, 5, 17, 29, 269
What are the prime factors of 114458119?
114458119
List the prime factors of 116500852.
2, 13, 31, 72271
List the prime factors of 6806305.
5, 11, 47, 2633
What are the prime factors of 3492968307?
3, 29, 31, 1295131
List the prime factors of 13942166.
2, 7, 113, 1259
List the prime factors of 23397542.
2, 7, 17, 37, 2657
List the prime factors of 142508726.
2, 29, 2457047
List the prime factors of 4864501.
37, 73, 1801
List the prime factors of 23712828.
2, 3, 1976069
What are the prime factors of 4682229623?
23, 43, 283, 16729
What are the prime factors of 4658953445?
5, 17, 293, 187069
What are the prime factors of 104792567?
11, 9526597
List the prime factors of 165379044.
2, 3, 13781587
What are the prime factors of 959943791?
53, 18112147
What are the prime factors of 740259530?
2, 5, 373, 198461
List the prime factors of 1228558075.
5, 109, 450847
What are the prime factors of 728263404?
2, 3, 11, 619, 2971
List the prime factors of 70857486.
2, 3, 7, 562361
List the prime factors of 2975641492.
2, 79, 941, 10007
What are the prime factors of 196432986?
2, 3, 3229, 10139
What are the prime factors of 1439081619?
3, 479693873
List the prime factors of 404657853.
3, 134885951
List the prime factors of 4678049331.
3, 519783259
What are the prime factors of 34923262?
2, 11, 144311
What are the prime factors of 1114759598?
2, 17, 107, 306421
What are the prime factors of 2598160921?
43, 60422347
What are the prime factors of 54094132?
2, 31, 53, 8231
List the prime factors of 149643937.
83, 97, 18587
List the prime factors of 42014921.
13, 248609
List the prime factors of 41829029.
11, 557, 6827
List the prime factors of 54832081.
19, 263, 10973
What are the prime factors of 184874389?
7, 19, 313, 4441
What are the prime factors of 212945570?
2, 5, 17, 727, 1723
What are the prime factors of 17089145?
5, 3417829
What are the prime factors of 48919054?
2, 31, 789017
List the prime factors of 733862.
2, 131, 2801
List the prime factors of 1754792442.
2, 3, 13, 151, 49663
What are the prime factors of 180502577?
53, 3405709
List the prime factors of 69663181.
7, 9951883
What are the prime factors of 1676770887?
3, 11, 103, 493313
List the prime factors of 443694835.
5, 88738967
List the prime factors of 1843694368.
2, 211, 273059
List the prime factors of 310632493.
31, 10020403
List the prime factors of 2834672810.
2, 5, 283467281
List the prime factors of 56235844.
2, 7, 397, 5059
List the prime factors of 2090096783.
283, 2129, 3469
List the prime factors of 251039328.
2, 3, 2614993
List the prime factors of 27162398.
2, 13581199
What are the prime factors of 34698162?
2, 3, 43, 134489
What are the prime factors of 2954853688?
2, 1993, 185327
List the prime factors of 64499689.
2707, 23827
What are the prime factors of 159370953?
3, 7, 1021, 7433
List the prime factors of 68375234.
2, 83, 277, 1487
List the prime factors of 3600139144.
2, 7, 661, 97259
What are the prime factors of 4941705321?
3, 7, 3735227
List the prime factors of 98045956.
2, 24511489
What are the prime factors of 34610007?
3, 53, 109, 1997
What are the prime factors of 41761072?
2, 503, 5189
List the prime factors of 56084037.
3, 17, 1099687
What are the prime factors of 468249611?
163, 2872697
List the prime factors of 22563600.
2, 3, 5, 18803
What are the prime factors of 23532207?
3, 73, 107453
List the prime factors of 536163846.
2, 3, 89360641
List the prime factors of 356939099.
11, 1039, 31231
List the prime factors of 96694627.
96694627
List the prime factors of 561842659.
7, 80263237
List the prime factors of 2086026501.
3, 13, 157, 340687
List the prime factors of 852776856.
2, 3, 239, 16519
List the prime factors of 40019217.
3, 7, 29, 65713
What are the prime factors of 36587640?
2, 3, 5, 304897
List the prime factors of 11542345.
5, 2308469
What are the prime factors of 102670167?
3, 19, 811, 2221
What are the prime factors of 5186320712?
2, 19, 34120531
What are the prime factors of 61436922?
2, 3, 10239487
List the prime factors of 214829983.
61, 3521803
List the prime factors of 147697697.
7, 19, 23, 53, 911
List the prime factors of 52925377.
29, 67, 27239
What are the prime factors of 103878961?
347, 299363
List the prime factors of 220757211.
3, 683, 11971
List the prime factors of 20406751.
2333, 8747
What are the prime factors of 42413095?
5, 8482619
List the prime factors of 489242521.
6427, 76123
What are the prime factors of 893831103?
3, 11, 2141, 4217
What are the prime factors of 48295361?
103, 468887
What are the prime factors of 227789621?
227789621
List the prime factors of 880696069.
11, 80063279
List the prime factors of 332433346.
2, 7, 229, 14813
What are the prime factors of 4614700287?
3, 1538233429
What are the prime factors of 600116390?
2, 5, 79, 759641
What are the prime factors of 559022814?
2, 3, 7, 31, 167, 857
What are the prime factors of 314986421?
17, 263